4
Calculate the remainder when 38484 is divided by 17199.
4086
What is the remainder when 130945 is divided by 1559?
1548
Calculate the remainder when 59038912 is divided by 389.
382
Calculate the remainder when 263472403 is divided by 18.
13
Calculate the remainder when 2212423 is divided by 15364.
7
Calculate the remainder when 3653544 is divided by 345.
339
What is the remainder when 36795 is divided by 7229?
650
Calculate the remainder when 22771531 is divided by 1015.
6
Calculate the remainder when 811519 is divided by 52.
7
What is the remainder when 211346 is divided by 26415?
26
Calculate the remainder when 29322 is divided by 3238.
180
Calculate the remainder when 2423204 is divided by 39082.
120
Calculate the remainder when 19177877 is divided by 537.
533
Calculate the remainder when 7074336 is divided by 21634.
18
Calculate the remainder when 254293574 is divided by 693.
689
Calculate the remainder when 1138998 is divided by 670.
668
What is the remainder when 23081236 is divided by 6341?
6337
Calculate the remainder when 1269399 is divided by 423115.
54
What is the remainder when 858327 is divided by 1285?
1232
Calculate the remainder when 230695 is divided by 115252.
191
Calculate the remainder when 120028 is divided by 348.
316
What is the remainder when 598148 is divided by 46000?
148
What is the remainder when 243501 is divided by 635?
296
Calculate the remainder when 136391474 is divided by 15.
14
Calculate the remainder when 587290 is divided by 10.
0
What is the remainder when 315282 is divided by 1044?
1038
Calculate the remainder when 4127059 is divided by 458562.
1
What is the remainder when 436146 is divided by 436105?
41
Calculate the remainder when 6316970 is divided by 389.
388
Calculate the remainder when 14923588 is divided by 138.
130
Calculate the remainder when 2048816 is divided by 60259.
10
Calculate the remainder when 209718 is divided by 1081.
4
What is the remainder when 434866311 is divided by 26?
9
What is the remainder when 44405670 is divided by 39?
36
Calculate the remainder when 127101 is divided by 2401.
2249
What is the remainder when 10695346 is divided by 30?
16
What is the remainder when 5703348 is divided by 194?
136
What is the remainder when 1413252 is divided by 2896?
4
What is the remainder when 515499 is divided by 217?
124
Calculate the remainder when 30632 is divided by 227.
214
What is the remainder when 20176790 is divided by 194?
14
Calculate the remainder when 47946126 is divided by 940120.
6
Calculate the remainder when 218477 is divided by 1747.
102
Calculate the remainder when 178555 is divided by 10842.
5083
What is the remainder when 1136120 is divided by 1030?
30
Calculate the remainder when 205631 is divided by 351.
296
Calculate the remainder when 56413430 is divided by 462.
458
Calculate the remainder when 14039 is divided by 923.
194
Calculate the remainder when 26087247 is divided by 750.
747
Calculate the remainder when 22700803 is divided by 302677.
28
Calculate the remainder when 13445442 is divided by 741.
738
Calculate the remainder when 12558312 is divided by 2511659.
17
Calculate the remainder when 135660382 is divided by 3230009.
4
Calculate the remainder when 2809174 is divided by 99.
49
Calculate the remainder when 729014 is divided by 479.
455
Calculate the remainder when 7869075 is divided by 83712.
147
Calculate the remainder when 16491437 is divided by 11890.
7
What is the remainder when 1754773 is divided by 92?
57
Calculate the remainder when 4125063 is divided by 1031255.
43
What is the remainder when 1748141 is divided by 53?
42
What is the remainder when 905005 is divided by 226246?
21
Calculate the remainder when 6343713 is divided by 859.
857
Calculate the remainder when 5631119 is divided by 220.
219
What is the remainder when 596103 is divided by 198510?
573
Calculate the remainder when 270200 is divided by 139.
123
Calculate the remainder when 1017351 is divided by 1017117.
234
Calculate the remainder when 512710 is divided by 1890.
520
Calculate the remainder when 436501 is divided by 880.
21
What is the remainder when 84340060 is divided by 42170004?
52
What is the remainder when 1655317 is divided by 184?
53
What is the remainder when 958632 is divided by 53236?
384
What is the remainder when 5666183 is divided by 749?
747
Calculate the remainder when 365216 is divided by 2341.
20
Calculate the remainder when 112359 is divided by 265.
264
What is the remainder when 2197394 is divided by 45?
44
What is the remainder when 23924 is divided by 3928?
356
Calculate the remainder when 338729 is divided by 889.
20
Calculate the remainder when 45818 is divided by 3324.
2606
Calculate the remainder when 80422 is divided by 681.
64
Calculate the remainder when 395043 is divided by 13657.
12647
What is the remainder when 47665 is divided by 548?
537
What is the remainder when 13664315 is divided by 4554771?
2
Calculate the remainder when 2491534 is divided by 6.
4
Calculate the remainder when 262274 is divided by 741.
701
What is the remainder when 18402 is divided by 35?
27
What is the remainder when 2561532 is divided by 512294?
62
Calculate the remainder when 58977 is divided by 1686.
1653
Calculate the remainder when 2389629 is divided by 534.
513
What is the remainder when 755334 is divided by 7707?
48
What is the remainder when 37294429 is divided by 881?
818
What is the remainder when 1793046316 is divided by 4999?
4996
What is the remainder when 6585448 is divided by 1159?
10
What is the remainder when 122638 is divided by 1378?
1374
What is the remainder when 162916 is divided by 53561?
2233
What is the remainder when 2010986 is divided by 143?
120
Calculate the remainder when 237645 is divided by 5520.
285
Calculate the remainder when 949194 is divided by 1191.
1158
Calculate the remainder when 105999 is divided by 2524.
2515
Calculate the remainder when 16222757 is divided by 312.
5
What is the remainder when 3142796 is divided by 2677?
2675
Calculate the remainder when 4429415 is divided by 1297.
160
What is the remainder when 7399687 is divided by 113?
108
What is the remainder when 271139356 is divided by 30126595?
1
Calculate the remainder when 1246144 is divided by 140.
4
What is the remainder when 6794 is divided by 144?
26
What is the remainder when 588938 is divided by 196309?
11
What is the remainder when 1089788892 is divided by 169?
166
Calculate the remainder when 1959435 is divided by 9.
0
Calculate the remainder when 4332243 is divided by 59.
50
Calculate the remainder when 2402857 is divided by 2402844.
13
What is the remainder when 26408137 is divided by 2?
1
Calculate the remainder when 45939 is divided by 9033.
774
What is the remainder when 449657 is divided by 4410?
4247
Calculate the remainder when 172287 is divided by 1364.
423
What is the remainder when 14949283 is divided by 8020?
3
What is the remainder when 83260901 is divided by 13876816?
5
Calculate the remainder when 4769094 is divided by 280534.
16
What is the remainder when 8034645 is divided by 66?
3
What is the remainder when 247737 is divided by 4064?
3897
What is the remainder when 22117623 is divided by 2974?
2959
Calculate the remainder when 286732798 is divided by 380.
378
Calculate the remainder when 7483483 is divided by 17989.
59
Calculate the remainder when 95279460 is divided by 44.
12
Calculate the remainder when 246166397 is divided by 430.
427
What is the remainder when 75208 is divided by 73676?
1532
What is the remainder when 337197 is divided by 28098?
21
Calculate the remainder when 675225 is divided by 249.
186
Calculate the remainder when 414622 is divided by 28.
26
Calculate the remainder when 189751 is divided by 63179.
214
Calculate the remainder when 42513793 is divided by 745856.
1
Calculate the remainder when 38034529 is divided by 3797.
3777
What is the remainder when 3728936 is divided by 621394?
572
What is the remainder when 630005 is divided by 48454?
103
Calculate the remainder when 22523 is divided by 1247.
77
Calculate the remainder when 23544 is divided by 11734.
76
What is the remainder when 2751802 is divided by 294?
256
Calculate the remainder when 31501258 is divided by 180.
178
What is the remainder when 347186 is divided b